= m - 7. Let o(q) = -2*q + 3. Let d(p) = 78*p - 240. Let i(f) = -2*d(f) - 66*o(f). Let c be i(12). Give v(c).
-13
Let i be 9/2 + 4/(-8) + -1. Suppose 7 = 2*p - i. Let b(x) = x**3 - 6*x**2 + 5*x - 5. Give b(p).
-5
Let m(k) = 19 + 4876*k + 4877*k + 4880*k - 14636*k. Determine m(9).
-8
Let o be (-3 + (-3 - -5))/1. Let v(t) be the first derivative of -19*t**2/2 - 1345. Give v(o).
19
Let l = 305 + -303. Let v(w) = -11*w**2 + w + 2*w + 2 + 5*w**2 + 5*w**l - w**3. Give v(-3).
11
Let r(b) = -2*b**2 - 5*b + 16. Let w(x) = -x**2 - 3*x + 7. Let i(p) = -2*p + 43. Let m be i(25). Let j(h) = m*w(h) + 3*r(h). Give j(-6).
-1
Suppose -3*p - 28*o + 46 = -33*o, 2*p + 5*o - 39 = 0. Let x(h) be the first derivative of 1/3*h**3 + 1/2*h**2 - p - 4*h. What is x(0)?
-4
Let b be (2/(-3))/((-4)/(-36)). Let r(n) = -4*n - 3. Let x(f) = -4*f + 7. Let l(s) = s - 2. Let y(i) = 7*l(i) + 2*x(i). Let o(z) = r(z) - 5*y(z). Give o(b).
-9
Let z(b) = 5*b + 6*b**2 + b - 2 + 1 + b**3. Let s(j) = -j**2 - j + 3. Let u(c) = -6*c**2 - 33*c - 55. Let p(x) = 5*s(x) - u(x). Let a be p(-25). Give z(a).
-6
Let h be (-3 + 42/15)*-5. Let o be 8/(32/(-12)) - -3. Let x(m) = -3*m - 3*m + 5*m + o*m. What is x(h)?
-1
Let c(k) = k - 1. Let o be (3108/18)/7 + 4/(-6). Let f be 282/54 - 3/(27/2). Suppose -u + f*u = o. Determine c(u).
5
Suppose 72*q = 76*q - 100. Let o(s) = -12 - 2*s - 4 + q. Give o(0).
9
Let f(r) be the third derivative of -r**2 + 1/4*r**4 + 90 + 0*r + 1/60*r**5 + 1/3*r**3. Let c be (5/(-3))/(2/6). Determine f(c).
-3
Let o(v) = -1. Let l(z) = -z + 6. Let c(f) = -3*l(f) - 21*o(f). Suppose 107*b + 182 - 60 = -92. What is c(b)?
-3
Suppose 144*y - 1288 = -40*y. Let u(f) = -8*f**2 + 14*f - f**3 + 2*f**3 + 9 - 7*f. Calculate u(y).
9
Let d(b) = -b**2 - 10*b - 3. Suppose 0 = 25*k + 7364 + 3161. Let p = 412 + k. Calculate d(p).
6
Let u(x) = 3*x + 7. Let p = -50 - -49. Let r be 93/(-2) - p - (-9)/6. Let f = -50 - r. What is u(f)?
-11
Suppose 4*a = 4*s - 9 + 1, 4*a = 2*s + 2. Let i(f) = 98*f**3 - 2 + 97*f**a - 193*f**3 + 4*f**2 + 2*f. Determine i(-2).
-6
Let y(r) = r - 13*r**2 + 5 + 12*r**2 + 3*r**3 - 4*r. Let k be y(2). Let v(a) = k*a**2 + 4 + a**3 - 6*a**2 - 10*a**2. What is v(-3)?
4
Let y(s) = -s**2 - 24*s - 128. Let g be y(-19). Let n be (g + 32)*8/2. Let w(z) be the third derivative of z**5/60 + z**4/6 - z**3/6 - z**2. What is w(n)?
-1
Let a(l) be the third derivative of -l**6/120 - l**5/15 - l**4/6 + l**3/6 + l**2. Suppose 14*v - 42 = 56. Suppose 16 = -v*f - 5. Give a(f).
4
Let h(l) = -l**2 - 3*l. Let n(j) = -7*j**2 - 43*j - 96. Let o(t) = -6*h(t) + n(t). Give o(-19).
18
Let x(l) = l**3 + 7*l**2 - 19*l - 11. Suppose -140*s - 1035 = -25*s. What is x(s)?
-2
Suppose p = -3*p - 12. Let h(o) be the first derivative of -4*o - 17 - 3/2*o**2. Determine h(p).
5
Let k = -76 + 140. Suppose -65*g + k*g - 4 = 0. Let l(x) = x**3 + 5*x**2 + 5*x - 4. What is l(g)?
-8
Let i(v) = 189*v + 565. Let u be i(-3). Let t(k) = 12*k + 14. Calculate t(u).
-10
Let u(t) = 47*t - 81. Let j(i) = 42*i - 94. Let m(g) = 7*j(g) - 8*u(g). Determine m(-1).
72
Let o(z) = z - 5. Suppose -5*x + 33 + 33 = -2*n, 2*n + 70 = 3*x. Let w = n - 24. Let j = -56 - w. Determine o(j).
1
Let b(o) be the second derivative of o**4/2 + 5*o**3/6 - 3*o**2 - 4923*o. Give b(-3).
33
Let g(j) be the second derivative of -13*j**3/6 - 40*j**2 - 4307*j. Give g(-6).
-2
Let p be 72/(-180) + (2 - (-1267)/5). Let f = p - 261. Let b(k) = 3*k - 7. Determine b(f).
-25
Let m(n) = 2*n**3 + 8*n**2 - 187*n - 113. Let a(o) = 3*o**3 + 13*o**2 - 265*o - 170. Let h(g) = -5*a(g) + 7*m(g). Calculate h(-10).
-1
Let s(h) = 3*h**2 + h**3 + 4*h**2 - 128 - 3*h**2 + 122 - 6*h. Calculate s(-5).
-1
Let r(j) = 14*j - 18. Let i(p) = 3*p + 2. Let a(c) = 5*i(c) - r(c). Let d(m) = -41*m + 164. Let s be d(4). Give a(s).
28
Let n be (-5)/2 + 1/(-2). Let z(p) = -65531 + 130988 + 3*p + p**3 + 4*p**2 - 65456. Determine z(n).
1
Suppose -6*r + 18*r - 48 = 0. Suppose -5*p = r*a + 2, 6*a + 4*p = 4*a + 2. Let u(k) = k**2 + 2*k + 3. Calculate u(a).
6
Let r = 18 + -13. Suppose -r*u = 2*c - 3 + 1, -5*c - 3*u = -5. Let k(l) = -13*l**2 - 11 - 10*l**2 + 10*l + c + 22*l**2. What is k(8)?
6
Suppose -5*q = -688 + 648. Let b(m) be the first derivative of -5*m + 1/2*m**2 - 1. What is b(q)?
3
Let d(v) = -1685*v + 563*v + 558*v + 565*v - 29. Calculate d(25).
-4
Let a(i) be the first derivative of 17*i**4/24 + i**2/2 - 8*i + 67. Let n(v) be the second derivative of a(v). Give n(-1).
-17
Let d = -15486 + 15497. Let a(i) = 1. Let c(g) = -g - 7. Let s(v) = 4*a(v) - c(v). Determine s(d).
22
Let f(d) = d**2 + 3*d - 2. Let k(j) be the second derivative of j**4/12 + j**3/2 - 3*j**2/2 + 7*j + 4. Let w(l) = 3*f(l) - 4*k(l). Determine w(-6).
-12
Let b(o) = -o**2 - 15*o - 135. Let c(w) = w**2 + 10*w + 85. Let z(j) = 5*b(j) + 8*c(j). What is z(-1)?
3
Suppose 4*c + f - 2*f - 55 = 0, 11 = 2*c + 5*f. Let v(k) = 17027*k**2 - 8510*k**2 - k**3 - 8503*k**2 - 13*k + 19. Calculate v(c).
19
Let b(h) be the third derivative of h**6/120 - h**5/30 - h**4/8 - 2*h**2. Let j = 6296 - 6293. Determine b(j).
0
Let g(r) = r**3 + 4*r**2 - 6*r - 20. Let a be g(-4). Suppose -3*f = -3*b + 9, 8*f + a*b = 3*f + 12. Let o(t) = -2*t - 6. What is o(f)?
-6
Let n(m) be the first derivative of m**3/3 - 6*m**2 + 6*m - 1962. What is n(11)?
-5
Let k(z) be the first derivative of 13 - 54*z**2 + 2*z - 59*z**2 - 57*z**2 + 169*z**2. Let c(g) = g + 4. Let q be c(-6). Calculate k(q).
6
Suppose -g - 183 = -197. Let p(h) = -g - 4 + 2*h - 4*h + 12. What is p(-8)?
10
Let d = -13343 + 13356. Let b(a) = a**2 - 12*a + 20. Determine b(d).
33
Let h(u) = -3*u**2 - u - 2. Let p(r) = -9 + r + 2*r + 12. Let m be p(1). Suppose 2*q - m + 2 = 0. Give h(q).
-16
Let k(r) = -84*r + 676. Let q be k(8). Let p(b) be the second derivative of -7/2*b**2 - 15*b + 5/12*b**q + 1/20*b**5 + 0 - 4/3*b**3. What is p(-6)?
5
Let t = -17297 - -17294. Let f(r) = -2*r**2 - 22*r - 58. Calculate f(t).
-10
Suppose -2*m + 2*i = -1820, m - 5*i - 933 = -39. Let h = m + -909. Let d(p) be the third derivative of -p**4/24 + p**3/6 - p**2. What is d(h)?
-4
Let x(s) = -s - 5. Let o = 348 - 347. Suppose -o = 6*z + 29. Determine x(z).
0
Suppose 3*b + 10 = -4*d + 3, -4*b = -2*d + 24. Let r(u) = -38 + u + 5*u - 6*u + d*u + 35. Determine r(-8).
-19
Let v be (57/133)/(3/14). Let z(b) = -26*b + 38*b - 3*b**2 + 15 + 4*b**2 + 4*b**2 - 4*b**v. Determine z(-10).
-5
Let t(s) = s**3 + 10*s**2 + 107*s + 742. Let o be t(-8). Let n(k) = k**2 - 11*k - 28. Calculate n(o).
14
Let r(o) = o + 2. Let g(x) = 2. Let c(b) = 5*g(b) - 4*r(b). Let n(t) = t - 1. Let q(y) = 2*c(y) + 7*n(y). What is q(-7)?
4
Let p(r) = -2*r**3 + 16*r**2 + 41*r - 1. Let b be p(10). Let t(l) = l - 17. Determine t(b).
-8
Let l(y) = y**3 + 12*y**2 + y + 7. Let o(j) = 13*j**3 - 8*j**2 - 9*j. Let q be o(-1). Calculate l(q).
-5
Let l = 91 - 95. Let s be (2/l)/((-38)/(-380)). Let f(o) = 11*o + 1. Let d(k) = 7*k + 1. Let m(n) = -8*d(n) + 5*f(n). Calculate m(s).
2
Suppose -1773 = -122*s + 57. Let x(d) = 3*d**2 - 46*d + 28. Determine x(s).
13
Let i(l) = -3*l + 2 + 1 + 2*l. Let g = 49159 - 49154. Determine i(g).
-2
Let q(v) be the third derivative of v**4/12 + v**3/3 - 17*v**2. Let a be 6 - (9 - (-60)/(-12)). Calculate q(a).
6
Let k(h) = -294*h - 311*h - 2 + 599*h. Determine k(8).
-50
Suppose 2*c + 8 = 18. Let r(i) = 0*i - 4*i**2 - 12 + i**3 + 19 + i - i**2 - 4. Calculate r(c).
8
Let y(l) = 200*l**3 - 14*l**2 - 13*l - 22. Let n(v) = -28*v**3 + 2*v**2 + 2*v + 3. Let k(f) = 15*n(f) + 2*y(f). Determine k(-1).
19
Let h(s) be the second derivative of s**5/20 + s**4/4 - s**3/6 - s**2/2 - 4076*s. Give h(-2).
5
Let i(f) be the first derivative of -f**3/3 + 3*f**2 + 21*f + 1259. Calculate i(9).
-6
Let a(s) = 3 + 11*s**2 - 2*s - 6*s**2 + s**3 + 1. Let b be 1*1*10*101/(-202). Determine a(b).
14
Let w(l) = -l + 0*l - 2 + 2*l. Let a(i) = -183*i - 36973. Let z be a(-202). What is w(z)?
-9
Let m(z) = -z - 14. Let r(a) = -2. Let n(g) = 17*g**2 + 8*g + 5. Let x be n(-4). Suppose -x = -3*b + 10*b. Let y(l) = b*r(l) + 5*m(l). Give y(-1).
5
Let q(z) = -37 - 877633*z + 10 + 877638*z. Calculate q(10).
23
Let b(j) = 25*j**3 + 38*j**2 + 21*j - 124. Let v(r) = -9*r**3 - 13*r**2 - 9*r + 43. Let o(h) = 4*b(h) + 11*v(h). Calculate o(-10).
27
Let x = 360 - 356. Let s(h) = -6*h + 25*h + 4 -